ue
Is 2278343 prime?
True
Is 2321587 a prime number?
True
Is 20089 composite?
False
Is 7807 prime?
False
Is 1831127 a composite number?
False
Is 132001 composite?
False
Is 276557 prime?
True
Is 455417 composite?
True
Is 1901 composite?
False
Is 3299 prime?
True
Is 17401 a composite number?
False
Is 682141 a composite number?
False
Is 15769 prime?
False
Is 252911 prime?
True
Is 3593 composite?
False
Is 4609 a composite number?
True
Is 267 a prime number?
False
Is 1800677 a composite number?
False
Is 59833 composite?
False
Is 58601 prime?
True
Is 127 a composite number?
False
Is 13669 a composite number?
False
Is 191897 a prime number?
False
Is 121763 a prime number?
True
Is 76173 prime?
False
Is 1651 a prime number?
False
Is 98663 a prime number?
True
Is 10573 composite?
True
Is 362521 composite?
False
Is 928769 a prime number?
True
Is 2317 prime?
False
Is 42569 prime?
True
Is 53017 a composite number?
False
Is 1833551 composite?
False
Is 457289 composite?
True
Is 33707 a composite number?
True
Is 107391 composite?
True
Is 2718599 a prime number?
False
Is 7671 a composite number?
True
Is 2333 prime?
True
Is 134807 composite?
False
Is 3446 a composite number?
True
Is 678679 prime?
False
Is 1698307 composite?
True
Is 486433 composite?
False
Is 6616381 a prime number?
True
Is 100481 a prime number?
False
Is 536417 a prime number?
False
Is 3707 composite?
True
Is 257459 a composite number?
False
Is 334931 composite?
False
Is 242803 composite?
True
Is 917 composite?
True
Is 16703 composite?
False
Is 1104079 a composite number?
False
Is 256961 prime?
False
Is 85 composite?
True
Is 10401 a composite number?
True
Is 1011455 composite?
True
Is 46561 prime?
False
Is 865847 prime?
True
Is 50981 prime?
False
Is 10061 prime?
True
Is 526457 a composite number?
True
Is 1733 a prime number?
True
Is 65309 prime?
True
Is 4881 composite?
True
Is 6803 a composite number?
False
Is 10781 prime?
True
Is 6803 composite?
False
Is 129073 prime?
False
Is 39913 a prime number?
False
Is 202441 a composite number?
False
Is 130771 composite?
True
Is 735689 composite?
False
Is 13709 prime?
True
Is 106089 composite?
True
Is 630619 a composite number?
True
Is 1117 a composite number?
False
Is 47431 prime?
True
Is 2679841 a prime number?
True
Is 55439 a prime number?
True
Is 28117 a prime number?
False
Is 164503 composite?
False
Is 2237 prime?
True
Is 40163 composite?
False
Is 32423 composite?
False
Is 406499 composite?
False
Is 114967 a prime number?
True
Is 826963 composite?
False
Is 550883 composite?
True
Is 27611 a prime number?
True
Is 28319 prime?
True
Is 5564711 prime?
True
Is 704983 a composite number?
False
Is 129451 a prime number?
False
Is 1361 composite?
False
Is 223087 prime?
True
Is 9499013 prime?
True
Is 9031 a composite number?
True
Is 687893 composite?
False
Is 8509 prime?
False
Is 2993 composite?
True
Is 35191 prime?
False
Is 559289 a composite number?
True
Is 673 prime?
True
Is 8173 prime?
False
Is 61463 a prime number?
True
Is 2411 composite?
False
Is 90757 prime?
False
Is 1609037 a composite number?
False
Is 39359 a prime number?
True
Is 1361 a prime number?
True
Is 153839 composite?
True
Is 1151 prime?
True
Is 932801 composite?
False
Is 48299 composite?
False
Is 141863 prime?
True
Is 3203 a prime number?
True
Is 12511 a prime number?
True
Is 2797 prime?
True
Is 15877 composite?
False
Is 119633 a prime number?
True
Is 224359 a composite number?
False
Is 7369 prime?
True
Is 575359 prime?
True
Is 11731 prime?
True
Is 158959 composite?
False
Is 35759 composite?
False
Is 211503 composite?
True
Is 458467 prime?
False
Is 488049 composite?
True
Is 31817 composite?
False
Is 51565 composite?
True
Is 8513 prime?
True
Is 407321 composite?
False
Is 32849 prime?
False
Is 1423403 a composite number?
False
Is 1249169 composite?
True
Is 2099 composite?
False
Is 3587 composite?
True
Is 21851 a prime number?
True
Is 59069 prime?
True
Is 3061 prime?
True
Is 22937 prime?
True
Is 65089 composite?
False
Is 1129169 a prime number?
True
Is 299389 prime?
True
Is 12841 composite?
False
Is 61741 composite?
True
Is 1030949 a composite number?
False
Is 25219 composite?
False
Is 521 composite?
False
Is 357701 a composite number?
True
Is 498851 prime?
False
Is 37678 a prime number?
False
Is 352021 composite?
False
Is 14621 a prime number?
True
Is 2153 prime?
True
Is 654145 composite?
True
Is 3309 composite?
True
Is 302797 a composite number?
True
Is 290183 a prime number?
True
Is 62431 a prime number?
False
Is 9346 prime?
False
Is 7901 a prime number?
True
Is 328619 a composite number?
False
Is 36817 prime?
False
Is 134167 a prime number?
False
Is 8263 a composite number?
False
Is 12611 prime?
True
Is 89779 a composite number?
False
Is 253597 a prime number?
False
Is 196801 composite?
True
Is 22205 a composite number?
True
Is 21433 a composite number?
False
Is 7207 composite?
False
Is 5361 composite?
True
Is 4751 prime?
True
Is 482459 composite?
True
Is 35201 a prime number?
True
Is 19567 a composite number?
True
Is 1082 a prime number?
False
Is 9109 a composite number?
False
Is 8419 prime?
True
Is 9691 a composite number?
True
Is 33161 prime?
True
Is 8923 composite?
False
Is 36847 composite?
False
Is 630823 prime?
True
Is 463 prime?
True
Is 612133 a prime number?
True
Is 31781 composite?
True
Is 45119 composite?
False
Is 29383 prime?
True
Is 14519 prime?
True
Is 1487527 composite?
False
Is 4007 prime?
True
Is 61403 prime?
True
Is 82781 composite?
False
Is 185263 a prime number?
False
Is 555349 prime?
True
Is 1082461 prime?
False
Is 6613 a prime number?
False
Is 13714 a prime number?
False
Is 85409 composite?
True
Is 3221 a prime number?
True
Is 34927 a prime number?
False
Is 74411 prime?
True
Is 2129 composite?
False
Is 24943 composite?
False
Is 31721 composite?
False
Is 2779 a composite number?
True
Is 1378357 composite?
True
Is 11351 composite?
False
Is 96442 composite?
True
Is 22051 prime?
True
Is 77447 composite?
False
Is 41089 prime?
False
Is 388867 a composite number?
True
Is 611 prime?
False
Is 35413 prime?
False
Is 522263 a composite number?
True
Is 3986581 a prime number?
True
Is 9851 composite?
False
Is 31715 prime?
False
Is 583 composite?
True
Is 771 prime?
False
Is 21993 a prime number?
False
Is 588937 a composite number?
False
Is 22371 a prime number?
False
Is 100237 a composite number?
False
Is 83203 a prime number?
True
Is 419827 prime?
True
Is 14981 prime?
False
Is 32071 a composite number?
True
Is 292069 composite?
False
Is 426731 prime?
True
Is 10559 a composite number?
False
Is 247183 a composite number?
False
Is 743987 a prime number?
True
Is 864151 a prime number?
True
Is 650291 prime?
True
Is 20789 prime?
True
Is 16867 a prime number?
False
Is 79171 a prime number?
False
Is 157229 a prime number?
True
Is 40927 a composite number?
False
Is 835927 prime?
True
Is 46199 composite?
False
Is 583 a composite number?
True
Is 48437 prime?
True
Is 3088385 a prime number?
False
Is 48021 prime?
False
Is 299813 a composite number?
True
Is 38593 composite?
False
Is 8651 composite?
True
Is 21209 prime?
False
Is 2237 prime?
True
Is 3898 composite?
True
Is 35023 composite?
False
Is 6673 composite?
False
Is 753497 a prime number?
True
Is 159893 a composite number?
True
Is 654061 a composite number?
True
Is 7311 prime?
False
Is 370261 composite?
False
Is 2094271 a composite number?
False
Is 257 prime?
True
Is 115721 a composite number?
True
Is 2721 a composite number?
True
Is 236807 composite?
False
Is 174527 prime?
True
Is 1637 prime?
True
Is 45659 a prime number?
True
Is 110669 a composite number?
True
Is 29371 composite?
True
Is 155921 prime?
True
Is 6599 composite?
False
Is 130697 a composite number?
True
Is 56081 prime?
True
Is 6433 composite?
True
Is 7639 composite?
False
Is 3149 a composite number?
True
Is 182629 a prime number?
False
Is 4831 a prime number?
True
Is 424639 prime?
True
Is 615101 a composite number?
False
Is 155257 prime?
False
Is 59263 a prime number?
True
Is 788129 prime?
True
Is 43607 composite?
False
Is 868103 composite?
False
Is 490829 a prime number?
True
Is 47459 composite?
False
Is 195571 prime?
False
Is 692821 a composite number?
False
Is 408962 a prime number?
False
Is 221 a prime number?
False
Is 700181 a composite number?
True
Is 52517 a prime nu